{"id":2663,"date":"2024-09-06T08:32:00","date_gmt":"2024-09-06T06:32:00","guid":{"rendered":"https:\/\/kistemplom.dedipage.hu\/?page_id=2663"},"modified":"2026-03-04T10:11:17","modified_gmt":"2026-03-04T09:11:17","slug":"szocialis-etkeztetes","status":"publish","type":"page","link":"https:\/\/kistemplom.hu\/index.php\/intezmeny\/szocialis-etkeztetes\/","title":{"rendered":"Szoci\u00e1lis \u00e9tkeztet\u00e9s"},"content":{"rendered":"<p align=\"justify\"><span style=\"font-size: medium;\">Szoci\u00e1lis \u00e9tkeztet\u00e9s keretein bel\u00fcl int\u00e9zm\u00e9ny\u00fcnk munkanapokon, heti \u00f6t napban biztos\u00edt h\u00e1zias jelleg\u0171, b\u0151s\u00e9ges eb\u00e9det nyugd\u00edjasok, illetve szoci\u00e1lisan r\u00e1szorul\u00f3k sz\u00e1m\u00e1ra. A norm\u00e1l men\u00fc mellett zs\u00edrszeg\u00e9ny \u00e9s cukorbetegek sz\u00e1m\u00e1ra k\u00e9sz\u00edtett di\u00e9t\u00e1s men\u00fct is biztos\u00edtunk. <\/span><\/p>\n<p align=\"justify\"><span style=\"font-size: medium;\">Az \u00e9tkeztet\u00e9s t\u00e9r\u00edt\u00e9si d\u00edj ellen\u00e9ben <\/span><span style=\"font-size: medium;\"><b>szem\u00e9lyes elvitellel <\/b><\/span><span style=\"font-size: medium;\">vagy <\/span><span style=\"font-size: medium;\"><b>h\u00e1zhozsz\u00e1ll\u00edt\u00e1ssal <\/b><\/span><span style=\"font-size: medium;\">vehet\u0151 ig\u00e9nybe.<\/span><\/p>\n<p align=\"justify\"><span style=\"font-size: medium;\">B\u0151vebb t\u00e1j\u00e9koztat\u00e1s:<\/span><\/p>\n<p align=\"justify\"><span style=\"font-size: medium;\">A Debreceni Ispot\u00e1ly \u2013 Integr\u00e1lt Szoci\u00e1lis Int\u00e9zm\u00e9ny irod\u00e1j\u00e1ban (4025 Debrecen, R\u00e9v\u00e9sz t\u00e9r 2.) munkanapokon 8.00 \u00e9s 15.00 \u00f3ra k\u00f6z\u00f6tt, valamint az 52\/453-569-es, illetve a 70\/639-7282-es telefonsz\u00e1mon.<\/span><\/p>\n","protected":false},"excerpt":{"rendered":"<p>Szoci\u00e1lis \u00e9tkeztet\u00e9s keretein bel\u00fcl int\u00e9zm\u00e9ny\u00fcnk munkanapokon, heti \u00f6t napban biztos\u00edt h\u00e1zias jelleg\u0171, b\u0151s\u00e9ges eb\u00e9det nyugd\u00edjasok, illetve szoci\u00e1lisan r\u00e1szorul\u00f3k sz\u00e1m\u00e1ra. A norm\u00e1l men\u00fc mellett zs\u00edrszeg\u00e9ny \u00e9s cukorbetegek sz\u00e1m\u00e1ra k\u00e9sz\u00edtett di\u00e9t\u00e1s men\u00fct is biztos\u00edtunk. Az \u00e9tkeztet\u00e9s t\u00e9r\u00edt\u00e9si d\u00edj ellen\u00e9ben szem\u00e9lyes elvitellel vagy h\u00e1zhozsz\u00e1ll\u00edt\u00e1ssal vehet\u0151 ig\u00e9nybe. B\u0151vebb t\u00e1j\u00e9koztat\u00e1s: A Debreceni Ispot\u00e1ly \u2013 Integr\u00e1lt Szoci\u00e1lis Int\u00e9zm\u00e9ny irod\u00e1j\u00e1ban (4025 Debrecen, [&hellip;]<\/p>\n","protected":false},"author":1,"featured_media":0,"parent":140,"menu_order":0,"comment_status":"closed","ping_status":"closed","template":"","meta":{"_eb_attr":"","ngg_post_thumbnail":0,"footnotes":""},"class_list":["post-2663","page","type-page","status-publish","hentry"],"rttpg_featured_image_url":null,"rttpg_author":{"display_name":"szilagyijanos","author_link":"https:\/\/kistemplom.hu\/index.php\/author\/szilagyijanos\/"},"rttpg_comment":0,"rttpg_category":null,"rttpg_excerpt":"Szoci\u00e1lis \u00e9tkeztet\u00e9s keretein bel\u00fcl int\u00e9zm\u00e9ny\u00fcnk munkanapokon, heti \u00f6t napban biztos\u00edt h\u00e1zias jelleg\u0171, b\u0151s\u00e9ges eb\u00e9det nyugd\u00edjasok, illetve szoci\u00e1lisan r\u00e1szorul\u00f3k sz\u00e1m\u00e1ra. A norm\u00e1l men\u00fc mellett zs\u00edrszeg\u00e9ny \u00e9s cukorbetegek sz\u00e1m\u00e1ra k\u00e9sz\u00edtett di\u00e9t\u00e1s men\u00fct is biztos\u00edtunk. Az \u00e9tkeztet\u00e9s t\u00e9r\u00edt\u00e9si d\u00edj ellen\u00e9ben szem\u00e9lyes elvitellel vagy h\u00e1zhozsz\u00e1ll\u00edt\u00e1ssal vehet\u0151 ig\u00e9nybe. B\u0151vebb t\u00e1j\u00e9koztat\u00e1s: A Debreceni Ispot\u00e1ly \u2013 Integr\u00e1lt Szoci\u00e1lis Int\u00e9zm\u00e9ny irod\u00e1j\u00e1ban (4025 Debrecen,&hellip;","_links":{"self":[{"href":"https:\/\/kistemplom.hu\/index.php\/wp-json\/wp\/v2\/pages\/2663","targetHints":{"allow":["GET"]}}],"collection":[{"href":"https:\/\/kistemplom.hu\/index.php\/wp-json\/wp\/v2\/pages"}],"about":[{"href":"https:\/\/kistemplom.hu\/index.php\/wp-json\/wp\/v2\/types\/page"}],"author":[{"embeddable":true,"href":"https:\/\/kistemplom.hu\/index.php\/wp-json\/wp\/v2\/users\/1"}],"replies":[{"embeddable":true,"href":"https:\/\/kistemplom.hu\/index.php\/wp-json\/wp\/v2\/comments?post=2663"}],"version-history":[{"count":0,"href":"https:\/\/kistemplom.hu\/index.php\/wp-json\/wp\/v2\/pages\/2663\/revisions"}],"up":[{"embeddable":true,"href":"https:\/\/kistemplom.hu\/index.php\/wp-json\/wp\/v2\/pages\/140"}],"wp:attachment":[{"href":"https:\/\/kistemplom.hu\/index.php\/wp-json\/wp\/v2\/media?parent=2663"}],"curies":[{"name":"wp","href":"https:\/\/api.w.org\/{rel}","templated":true}]}}

Szociális étkeztetés

<p align="justify"><span style="font-size: medium;">Szociális étkeztetés keretein belül intézményünk munkanapokon, heti öt napban biztosít házias jellegű, bőséges ebédet nyugdíjasok, illetve szociálisan rászorulók számára. A normál menü mellett zsírszegény és cukorbetegek számára készített diétás menüt is biztosítunk. </span></p>
<p align="justify"><span style="font-size: medium;">Az étkeztetés térítési díj ellenében </span><span style="font-size: medium;"><b>személyes elvitellel </b></span><span style="font-size: medium;">vagy </span><span style="font-size: medium;"><b>házhozszállítással </b></span><span style="font-size: medium;">vehető igénybe.</span></p>
<p align="justify"><span style="font-size: medium;">Bővebb tájékoztatás:</span></p>
<p align="justify"><span style="font-size: medium;">A Debreceni Ispotály – Integrált Szociális Intézmény irodájában (4025 Debrecen, Révész tér 2.) munkanapokon 8.00 és 15.00 óra között, valamint az 52/453-569-es, illetve a 70/639-7282-es telefonszámon.</span></p>

<p>Szociális étkeztetés keretein belül intézményünk munkanapokon, heti öt napban biztosít házias jellegű, bőséges ebédet nyugdíjasok, illetve szociálisan rászorulók számára. A normál menü mellett zsírszegény és cukorbetegek számára készített diétás menüt is biztosítunk. Az étkeztetés térítési díj ellenében személyes elvitellel vagy házhozszállítással vehető igénybe. Bővebb tájékoztatás: A Debreceni Ispotály – Integrált Szociális Intézmény irodájában (4025 Debrecen, [&hellip;]</p>

Szociális étkeztetés keretein belül intézményünk munkanapokon, heti öt napban biztosít házias jellegű, bőséges ebédet nyugdíjasok, illetve szociálisan rászorulók számára. A normál menü mellett zsírszegény és cukorbetegek számára készített diétás menüt is biztosítunk. Az étkeztetés térítési díj ellenében személyes elvitellel vagy házhozszállítással vehető igénybe. Bővebb tájékoztatás: A Debreceni Ispotály – Integrált Szociális Intézmény irodájában (4025 Debrecen,&hellip;
