{"id":2661,"date":"2024-09-06T08:31:29","date_gmt":"2024-09-06T06:31:29","guid":{"rendered":"https:\/\/kistemplom.dedipage.hu\/?page_id=2661"},"modified":"2026-03-04T10:08:40","modified_gmt":"2026-03-04T09:08:40","slug":"idosek-nappali-ellatasa-nappali-klub","status":"publish","type":"page","link":"https:\/\/kistemplom.hu\/index.php\/intezmeny\/idosek-nappali-ellatasa-nappali-klub\/","title":{"rendered":"Id\u0151sek nappali ell\u00e1t\u00e1sa (Nappali Klub)"},"content":{"rendered":"<p align=\"justify\"><span style=\"font-size: medium;\">A nappali ell\u00e1t\u00e1s azokat az id\u0151seket integr\u00e1lja, akik k\u00e9pesek \u00f6nmaguk ell\u00e1t\u00e1s\u00e1ra, de napk\u00f6zben egyed\u00fcl vannak. A szolg\u00e1ltat\u00e1s f\u0151 c\u00e9lja, hogy hasznos id\u0151t\u00f6lt\u00e9st, sz\u00f3rakoz\u00e1st \u00e9s \u00faj kapcsolatok kialak\u00edt\u00e1s\u00e1nak lehet\u0151s\u00e9g\u00e9t biztos\u00edtsa az id\u0151s emberek sz\u00e1m\u00e1ra, megakad\u00e1lyozva az \u0151ket fenyeget\u0151 t\u00e1rsadalmi izol\u00e1ci\u00f3t. Itt a szem\u00e9lyes gondoskod\u00e1s \u00e1ll a k\u00f6z\u00e9ppontban, a fizikai seg\u00edts\u00e9gny\u00fajt\u00e1s \u00e9s sz\u00fcks\u00e9gletkiel\u00e9g\u00edt\u00e9s csak r\u00e9szlegesen jelenik meg.<\/span><\/p>\n<p align=\"justify\"><span style=\"font-size: medium;\">A nappali klub munkanapokon 9.00 \u00f3r\u00e1t\u00f3l 15.00 \u00f3r\u00e1ig v\u00e1rja tagjait a Debrecen Kistemplomi-Ispot\u00e1lyi Reform\u00e1tus Egyh\u00e1zk\u00f6zs\u00e9g Gy\u00fclekezeti term\u00e9ben (R\u00e9v\u00e9sz t\u00e9r 2.)<\/span><\/p>\n<p align=\"justify\"><span style=\"font-size: medium;\">Rendszeres programjaink 10.00 \u00f3rakor kezd\u0151dnek.<\/span><\/p>\n<p align=\"justify\"><span style=\"font-size: medium;\">Az id\u0151sek nappali ell\u00e1t\u00e1sa szolg\u00e1ltat\u00e1s t\u00e9r\u00edt\u00e9si d\u00edj ellen\u00e9ben vehet\u0151 ig\u00e9nybe.<\/span><\/p>\n<p align=\"justify\"><span style=\"font-size: medium;\">B\u0151vebb t\u00e1j\u00e9koztat\u00e1s:<\/span><\/p>\n<p align=\"justify\"><span style=\"font-size: medium;\">A Debreceni Ispot\u00e1ly \u2013 Integr\u00e1lt Szoci\u00e1lis Int\u00e9zm\u00e9ny irod\u00e1j\u00e1ban (4025 Debrecen, R\u00e9v\u00e9sz t\u00e9r 2.) munkanapokon 8.00 \u00e9s 15.00 \u00f3ra k\u00f6z\u00f6tt, valamint az 52\/453-569-es, illetve a 70\/639-7282-es telefonsz\u00e1mon.<\/span><\/p>\n","protected":false},"excerpt":{"rendered":"<p>A nappali ell\u00e1t\u00e1s azokat az id\u0151seket integr\u00e1lja, akik k\u00e9pesek \u00f6nmaguk ell\u00e1t\u00e1s\u00e1ra, de napk\u00f6zben egyed\u00fcl vannak. A szolg\u00e1ltat\u00e1s f\u0151 c\u00e9lja, hogy hasznos id\u0151t\u00f6lt\u00e9st, sz\u00f3rakoz\u00e1st \u00e9s \u00faj kapcsolatok kialak\u00edt\u00e1s\u00e1nak lehet\u0151s\u00e9g\u00e9t biztos\u00edtsa az id\u0151s emberek sz\u00e1m\u00e1ra, megakad\u00e1lyozva az \u0151ket fenyeget\u0151 t\u00e1rsadalmi izol\u00e1ci\u00f3t. Itt a szem\u00e9lyes gondoskod\u00e1s \u00e1ll a k\u00f6z\u00e9ppontban, a fizikai seg\u00edts\u00e9gny\u00fajt\u00e1s \u00e9s sz\u00fcks\u00e9gletkiel\u00e9g\u00edt\u00e9s csak r\u00e9szlegesen jelenik meg. [&hellip;]<\/p>\n","protected":false},"author":1,"featured_media":0,"parent":140,"menu_order":0,"comment_status":"closed","ping_status":"closed","template":"","meta":{"_eb_attr":"","ngg_post_thumbnail":0,"footnotes":""},"class_list":["post-2661","page","type-page","status-publish","hentry"],"rttpg_featured_image_url":null,"rttpg_author":{"display_name":"szilagyijanos","author_link":"https:\/\/kistemplom.hu\/index.php\/author\/szilagyijanos\/"},"rttpg_comment":0,"rttpg_category":null,"rttpg_excerpt":"A nappali ell\u00e1t\u00e1s azokat az id\u0151seket integr\u00e1lja, akik k\u00e9pesek \u00f6nmaguk ell\u00e1t\u00e1s\u00e1ra, de napk\u00f6zben egyed\u00fcl vannak. A szolg\u00e1ltat\u00e1s f\u0151 c\u00e9lja, hogy hasznos id\u0151t\u00f6lt\u00e9st, sz\u00f3rakoz\u00e1st \u00e9s \u00faj kapcsolatok kialak\u00edt\u00e1s\u00e1nak lehet\u0151s\u00e9g\u00e9t biztos\u00edtsa az id\u0151s emberek sz\u00e1m\u00e1ra, megakad\u00e1lyozva az \u0151ket fenyeget\u0151 t\u00e1rsadalmi izol\u00e1ci\u00f3t. Itt a szem\u00e9lyes gondoskod\u00e1s \u00e1ll a k\u00f6z\u00e9ppontban, a fizikai seg\u00edts\u00e9gny\u00fajt\u00e1s \u00e9s sz\u00fcks\u00e9gletkiel\u00e9g\u00edt\u00e9s csak r\u00e9szlegesen jelenik meg.&hellip;","_links":{"self":[{"href":"https:\/\/kistemplom.hu\/index.php\/wp-json\/wp\/v2\/pages\/2661","targetHints":{"allow":["GET"]}}],"collection":[{"href":"https:\/\/kistemplom.hu\/index.php\/wp-json\/wp\/v2\/pages"}],"about":[{"href":"https:\/\/kistemplom.hu\/index.php\/wp-json\/wp\/v2\/types\/page"}],"author":[{"embeddable":true,"href":"https:\/\/kistemplom.hu\/index.php\/wp-json\/wp\/v2\/users\/1"}],"replies":[{"embeddable":true,"href":"https:\/\/kistemplom.hu\/index.php\/wp-json\/wp\/v2\/comments?post=2661"}],"version-history":[{"count":0,"href":"https:\/\/kistemplom.hu\/index.php\/wp-json\/wp\/v2\/pages\/2661\/revisions"}],"up":[{"embeddable":true,"href":"https:\/\/kistemplom.hu\/index.php\/wp-json\/wp\/v2\/pages\/140"}],"wp:attachment":[{"href":"https:\/\/kistemplom.hu\/index.php\/wp-json\/wp\/v2\/media?parent=2661"}],"curies":[{"name":"wp","href":"https:\/\/api.w.org\/{rel}","templated":true}]}}

Idősek nappali ellátása (Nappali Klub)

<p align="justify"><span style="font-size: medium;">A nappali ellátás azokat az időseket integrálja, akik képesek önmaguk ellátására, de napközben egyedül vannak. A szolgáltatás fő célja, hogy hasznos időtöltést, szórakozást és új kapcsolatok kialakításának lehetőségét biztosítsa az idős emberek számára, megakadályozva az őket fenyegető társadalmi izolációt. Itt a személyes gondoskodás áll a középpontban, a fizikai segítségnyújtás és szükségletkielégítés csak részlegesen jelenik meg.</span></p>
<p align="justify"><span style="font-size: medium;">A nappali klub munkanapokon 9.00 órától 15.00 óráig várja tagjait a Debrecen Kistemplomi-Ispotályi Református Egyházközség Gyülekezeti termében (Révész tér 2.)</span></p>
<p align="justify"><span style="font-size: medium;">Rendszeres programjaink 10.00 órakor kezdődnek.</span></p>
<p align="justify"><span style="font-size: medium;">Az idősek nappali ellátása szolgáltatás térítési díj ellenében vehető igénybe.</span></p>
<p align="justify"><span style="font-size: medium;">Bővebb tájékoztatás:</span></p>
<p align="justify"><span style="font-size: medium;">A Debreceni Ispotály – Integrált Szociális Intézmény irodájában (4025 Debrecen, Révész tér 2.) munkanapokon 8.00 és 15.00 óra között, valamint az 52/453-569-es, illetve a 70/639-7282-es telefonszámon.</span></p>

<p>A nappali ellátás azokat az időseket integrálja, akik képesek önmaguk ellátására, de napközben egyedül vannak. A szolgáltatás fő célja, hogy hasznos időtöltést, szórakozást és új kapcsolatok kialakításának lehetőségét biztosítsa az idős emberek számára, megakadályozva az őket fenyegető társadalmi izolációt. Itt a személyes gondoskodás áll a középpontban, a fizikai segítségnyújtás és szükségletkielégítés csak részlegesen jelenik meg. [&hellip;]</p>

A nappali ellátás azokat az időseket integrálja, akik képesek önmaguk ellátására, de napközben egyedül vannak. A szolgáltatás fő célja, hogy hasznos időtöltést, szórakozást és új kapcsolatok kialakításának lehetőségét biztosítsa az idős emberek számára, megakadályozva az őket fenyegető társadalmi izolációt. Itt a személyes gondoskodás áll a középpontban, a fizikai segítségnyújtás és szükségletkielégítés csak részlegesen jelenik meg.&hellip;
