{"id":2659,"date":"2024-09-06T08:30:49","date_gmt":"2024-09-06T06:30:49","guid":{"rendered":"https:\/\/kistemplom.dedipage.hu\/?page_id=2659"},"modified":"2026-03-04T10:10:53","modified_gmt":"2026-03-04T09:10:53","slug":"hazi-segitsegnyujtas","status":"publish","type":"page","link":"https:\/\/kistemplom.hu\/index.php\/intezmeny\/hazi-segitsegnyujtas\/","title":{"rendered":"H\u00e1zi seg\u00edts\u00e9gny\u00fajt\u00e1s"},"content":{"rendered":"<p align=\"justify\"><span style=\"font-size: medium;\">A h\u00e1zi seg\u00edts\u00e9gny\u00fajt\u00e1s a szoci\u00e1lisan r\u00e1szorul\u00f3k r\u00e9sz\u00e9re saj\u00e1t otthonukban \u00e9s<\/span><span style=\"font-size: medium;\"> lak\u00f3k\u00f6rnyezet\u00fckben t\u00f6rt\u00e9n\u0151 seg\u00edts\u00e9gny\u00fajt\u00e1s az \u00f6n\u00e1ll\u00f3 \u00e9letvitel\u00fck fenntart\u00e1s\u00e1hoz.<\/span><\/p>\n<p><span style=\"font-size: medium;\">Aj\u00e1nljuk:<\/span><\/p>\n<ul>\n<li>\n<p align=\"justify\"><span style=\"font-size: medium;\">azoknak az id\u0151seknek, akik otthonukban \u00f6nmaguk ell\u00e1t\u00e1s\u00e1ra saj\u00e1t er\u0151b\u0151l nem k\u00e9pesek \u00e9s r\u00f3luk nem gondoskodnak<\/span><\/p>\n<\/li>\n<li>\n<p align=\"justify\"><span style=\"font-size: medium;\">azoknak a fogyat\u00e9kkal \u00e9l\u0151knek, akik \u00e1llapotukb\u00f3l ad\u00f3d\u00f3an az \u00f6n\u00e1ll\u00f3 \u00e9letvitellel kapcsolatos feladataik ell\u00e1t\u00e1s\u00e1ban seg\u00edts\u00e9get ig\u00e9nyelnek<\/span><\/p>\n<\/li>\n<li>\n<p align=\"justify\"><span style=\"font-size: medium;\">azok az eg\u00e9szs\u00e9gi \u00e1llapotuk miatt r\u00e1szorul\u00f3 szem\u00e9lyeknek, akik ezt az ell\u00e1t\u00e1si form\u00e1t ig\u00e9nylik, illetve bentlak\u00e1sos elhelyez\u00e9sre v\u00e1rnak<\/span><\/p>\n<\/li>\n<\/ul>\n<p align=\"justify\"><span style=\"font-size: medium;\">A h\u00e1zi seg\u00edts\u00e9gny\u00fajt\u00e1s szolg\u00e1ltat\u00e1s t\u00e9r\u00edt\u00e9si d\u00edj ellen\u00e9ben vehet\u0151 ig\u00e9nybe. <\/span><\/p>\n<p align=\"justify\"><span style=\"font-size: medium;\">B\u0151vebb t\u00e1j\u00e9koztat\u00e1s:<\/span><\/p>\n<p align=\"justify\"><span style=\"font-size: medium;\">A Debreceni Ispot\u00e1ly \u2013 Integr\u00e1lt Szoci\u00e1lis Int\u00e9zm\u00e9ny irod\u00e1j\u00e1ban (4025 Debrecen, R\u00e9v\u00e9sz t\u00e9r 2.) munkanapokon 8.00 \u00e9s 15.00 \u00f3ra k\u00f6z\u00f6tt, valamint az 52\/453-569-es, illetve a 70\/639-7282-es telefonsz\u00e1mon.<\/span><\/p>\n","protected":false},"excerpt":{"rendered":"<p>A h\u00e1zi seg\u00edts\u00e9gny\u00fajt\u00e1s a szoci\u00e1lisan r\u00e1szorul\u00f3k r\u00e9sz\u00e9re saj\u00e1t otthonukban \u00e9s lak\u00f3k\u00f6rnyezet\u00fckben t\u00f6rt\u00e9n\u0151 seg\u00edts\u00e9gny\u00fajt\u00e1s az \u00f6n\u00e1ll\u00f3 \u00e9letvitel\u00fck fenntart\u00e1s\u00e1hoz. Aj\u00e1nljuk: azoknak az id\u0151seknek, akik otthonukban \u00f6nmaguk ell\u00e1t\u00e1s\u00e1ra saj\u00e1t er\u0151b\u0151l nem k\u00e9pesek \u00e9s r\u00f3luk nem gondoskodnak azoknak a fogyat\u00e9kkal \u00e9l\u0151knek, akik \u00e1llapotukb\u00f3l ad\u00f3d\u00f3an az \u00f6n\u00e1ll\u00f3 \u00e9letvitellel kapcsolatos feladataik ell\u00e1t\u00e1s\u00e1ban seg\u00edts\u00e9get ig\u00e9nyelnek azok az eg\u00e9szs\u00e9gi \u00e1llapotuk miatt r\u00e1szorul\u00f3 szem\u00e9lyeknek, [&hellip;]<\/p>\n","protected":false},"author":1,"featured_media":0,"parent":140,"menu_order":0,"comment_status":"closed","ping_status":"closed","template":"","meta":{"_eb_attr":"","ngg_post_thumbnail":0,"footnotes":""},"class_list":["post-2659","page","type-page","status-publish","hentry"],"rttpg_featured_image_url":null,"rttpg_author":{"display_name":"szilagyijanos","author_link":"https:\/\/kistemplom.hu\/index.php\/author\/szilagyijanos\/"},"rttpg_comment":0,"rttpg_category":null,"rttpg_excerpt":"A h\u00e1zi seg\u00edts\u00e9gny\u00fajt\u00e1s a szoci\u00e1lisan r\u00e1szorul\u00f3k r\u00e9sz\u00e9re saj\u00e1t otthonukban \u00e9s lak\u00f3k\u00f6rnyezet\u00fckben t\u00f6rt\u00e9n\u0151 seg\u00edts\u00e9gny\u00fajt\u00e1s az \u00f6n\u00e1ll\u00f3 \u00e9letvitel\u00fck fenntart\u00e1s\u00e1hoz. Aj\u00e1nljuk: azoknak az id\u0151seknek, akik otthonukban \u00f6nmaguk ell\u00e1t\u00e1s\u00e1ra saj\u00e1t er\u0151b\u0151l nem k\u00e9pesek \u00e9s r\u00f3luk nem gondoskodnak azoknak a fogyat\u00e9kkal \u00e9l\u0151knek, akik \u00e1llapotukb\u00f3l ad\u00f3d\u00f3an az \u00f6n\u00e1ll\u00f3 \u00e9letvitellel kapcsolatos feladataik ell\u00e1t\u00e1s\u00e1ban seg\u00edts\u00e9get ig\u00e9nyelnek azok az eg\u00e9szs\u00e9gi \u00e1llapotuk miatt r\u00e1szorul\u00f3 szem\u00e9lyeknek,&hellip;","_links":{"self":[{"href":"https:\/\/kistemplom.hu\/index.php\/wp-json\/wp\/v2\/pages\/2659","targetHints":{"allow":["GET"]}}],"collection":[{"href":"https:\/\/kistemplom.hu\/index.php\/wp-json\/wp\/v2\/pages"}],"about":[{"href":"https:\/\/kistemplom.hu\/index.php\/wp-json\/wp\/v2\/types\/page"}],"author":[{"embeddable":true,"href":"https:\/\/kistemplom.hu\/index.php\/wp-json\/wp\/v2\/users\/1"}],"replies":[{"embeddable":true,"href":"https:\/\/kistemplom.hu\/index.php\/wp-json\/wp\/v2\/comments?post=2659"}],"version-history":[{"count":0,"href":"https:\/\/kistemplom.hu\/index.php\/wp-json\/wp\/v2\/pages\/2659\/revisions"}],"up":[{"embeddable":true,"href":"https:\/\/kistemplom.hu\/index.php\/wp-json\/wp\/v2\/pages\/140"}],"wp:attachment":[{"href":"https:\/\/kistemplom.hu\/index.php\/wp-json\/wp\/v2\/media?parent=2659"}],"curies":[{"name":"wp","href":"https:\/\/api.w.org\/{rel}","templated":true}]}}

Házi segítségnyújtás

<p align="justify"><span style="font-size: medium;">A házi segítségnyújtás a szociálisan rászorulók részére saját otthonukban és</span><span style="font-size: medium;"> lakókörnyezetükben történő segítségnyújtás az önálló életvitelük fenntartásához.</span></p>
<p><span style="font-size: medium;">Ajánljuk:</span></p>
<ul>
<li>
<p align="justify"><span style="font-size: medium;">azoknak az időseknek, akik otthonukban önmaguk ellátására saját erőből nem képesek és róluk nem gondoskodnak</span></p>
</li>
<li>
<p align="justify"><span style="font-size: medium;">azoknak a fogyatékkal élőknek, akik állapotukból adódóan az önálló életvitellel kapcsolatos feladataik ellátásában segítséget igényelnek</span></p>
</li>
<li>
<p align="justify"><span style="font-size: medium;">azok az egészségi állapotuk miatt rászoruló személyeknek, akik ezt az ellátási formát igénylik, illetve bentlakásos elhelyezésre várnak</span></p>
</li>
</ul>
<p align="justify"><span style="font-size: medium;">A házi segítségnyújtás szolgáltatás térítési díj ellenében vehető igénybe. </span></p>
<p align="justify"><span style="font-size: medium;">Bővebb tájékoztatás:</span></p>
<p align="justify"><span style="font-size: medium;">A Debreceni Ispotály – Integrált Szociális Intézmény irodájában (4025 Debrecen, Révész tér 2.) munkanapokon 8.00 és 15.00 óra között, valamint az 52/453-569-es, illetve a 70/639-7282-es telefonszámon.</span></p>

<p>A házi segítségnyújtás a szociálisan rászorulók részére saját otthonukban és lakókörnyezetükben történő segítségnyújtás az önálló életvitelük fenntartásához. Ajánljuk: azoknak az időseknek, akik otthonukban önmaguk ellátására saját erőből nem képesek és róluk nem gondoskodnak azoknak a fogyatékkal élőknek, akik állapotukból adódóan az önálló életvitellel kapcsolatos feladataik ellátásában segítséget igényelnek azok az egészségi állapotuk miatt rászoruló személyeknek, [&hellip;]</p>

A házi segítségnyújtás a szociálisan rászorulók részére saját otthonukban és lakókörnyezetükben történő segítségnyújtás az önálló életvitelük fenntartásához. Ajánljuk: azoknak az időseknek, akik otthonukban önmaguk ellátására saját erőből nem képesek és róluk nem gondoskodnak azoknak a fogyatékkal élőknek, akik állapotukból adódóan az önálló életvitellel kapcsolatos feladataik ellátásában segítséget igényelnek azok az egészségi állapotuk miatt rászoruló személyeknek,&hellip;
